sands digit of 75098329?
8
What is the hundred thousands digit of 1725442398?
4
What is the ten thousands digit of 54946398?
4
What is the tens digit of 187946083?
8
What is the hundred thousands digit of 148660252?
6
What is the ten millions digit of 480563234?
8
What is the hundred millions digit of 6025119866?
0
What is the tens digit of 432653433?
3
What is the ten millions digit of 119105489?
1
What is the units digit of 246068319?
9
What is the thousands digit of 11298646?
8
What is the billions digit of 3043462994?
3
What is the millions digit of 38102794?
8
What is the units digit of 47186084?
4
What is the ten millions digit of 224776703?
2
What is the hundreds digit of 2415238867?
8
What is the tens digit of 20965558?
5
What is the hundred thousands digit of 2720868335?
8
What is the ten millions digit of 99646037?
9
What is the tens digit of 13329657?
5
What is the millions digit of 265856311?
5
What is the hundreds digit of 92378100?
1
What is the billions digit of 1291294727?
1
What is the thousands digit of 37759703?
9
What is the ten millions digit of 339430252?
3
What is the millions digit of 124998864?
4
What is the hundred thousands digit of 2441980153?
9
What is the hundred thousands digit of 126209677?
2
What is the billions digit of 1625698789?
1
What is the hundred thousands digit of 2108891117?
8
What is the tens digit of 1586837690?
9
What is the ten millions digit of 35468465?
3
What is the units digit of 209087359?
9
What is the units digit of 44692130?
0
What is the ten millions digit of 12251691?
1
What is the ten thousands digit of 4767889601?
8
What is the hundred thousands digit of 910072394?
0
What is the billions digit of 1363383292?
1
What is the millions digit of 6517149477?
7
What is the thousands digit of 281985712?
5
What is the units digit of 15545993?
3
What is the ten millions digit of 52173641?
5
What is the ten thousands digit of 4398799547?
9
What is the ten millions digit of 572126888?
7
What is the units digit of 231289540?
0
What is the ten millions digit of 928946048?
2
What is the hundreds digit of 1570030731?
7
What is the millions digit of 166453046?
6
What is the millions digit of 452185510?
2
What is the millions digit of 3397809083?
7
What is the millions digit of 440882834?
0
What is the hundreds digit of 123188350?
3
What is the units digit of 125187405?
5
What is the hundred thousands digit of 140699001?
6
What is the ten millions digit of 17578795?
1
What is the hundred millions digit of 666034478?
6
What is the millions digit of 422475255?
2
What is the hundreds digit of 21114523?
5
What is the ten thousands digit of 5735314486?
1
What is the ten thousands digit of 654420741?
2
What is the thousands digit of 37750123?
0
What is the ten millions digit of 70044578?
7
What is the hundred millions digit of 404055346?
4
What is the tens digit of 7425564769?
6
What is the units digit of 4295691?
1
What is the ten thousands digit of 1123989626?
8
What is the millions digit of 22389773?
2
What is the thousands digit of 2528496090?
6
What is the thousands digit of 18034136?
4
What is the millions digit of 485101817?
5
What is the units digit of 224201160?
0
What is the hundred thousands digit of 14427380?
4
What is the hundred thousands digit of 415959658?
9
What is the tens digit of 2599322636?
3
What is the units digit of 2193228756?
6
What is the tens digit of 173835530?
3
What is the hundred thousands digit of 327700103?
7
What is the millions digit of 44404581?
4
What is the thousands digit of 301897586?
7
What is the ten millions digit of 1517612221?
1
What is the thousands digit of 54315399?
5
What is the ten thousands digit of 31013742?
1
What is the tens digit of 9144045?
4
What is the hundreds digit of 803178248?
2
What is the hundreds digit of 6298714468?
4
What is the tens digit of 43289716?
1
What is the tens digit of 81762260?
6
What is the hundred millions digit of 387628401?
3
What is the thousands digit of 458078964?
8
What is the hundred thousands digit of 1757277134?
2
What is the ten millions digit of 6002085014?
0
What is the tens digit of 684896533?
3
What is the ten millions digit of 479463995?
7
What is the ten millions digit of 594169822?
9
What is the hundred thousands digit of 126555549?
5
What is the hundred thousands digit of 18763140?
7
What is the units digit of 28436259?
9
What is the hundred thousands digit of 52350287?
3
What is the ten thousands digit of 1261698870?
9
What is the hundred millions digit of 1491709835?
4
What is the units digit of 92532134?
4
What is the hundreds digit of 34093416?
4
What is the units digit of 489445935?
5
What is the ten thousands digit of 306901166?
0
What is the units digit of 2624235559?
9
What is the billions digit of 2249946558?
2
What is the tens digit of 170819354?
5
What is the millions digit of 96741970?
6
What is the hundred thousands digit of 465870395?
8
What is the units digit of 4213213446?
6
What is the hundreds digit of 81014118?
1
What is the ten thousands digit of 451138889?
3
What is the ten millions digit of 2172911294?
7
What is the millions digit of 81197684?
1
What is the units digit of 3734085026?
6
What is the millions digit of 295832015?
5
What is the hundred thousands digit of 1072086290?
0
What is the millions digit of 15681510?
5
What is the tens digit of 32168071?
7
What is the millions digit of 205122671?
5
What is the ten millions digit of 4651640386?
5
What is the ten millions digit of 113392807?
1
What is the millions digit of 3813131?
3
What is the thousands digit of 208625893?
5
What is the hundred thousands digit of 1447204455?
2
What is the ten millions digit of 85542069?
8
What is the hundreds digit of 9865748?
7
What is the millions digit of 13749890?
3
What is the hundreds digit of 53821399?
3
What is the millions digit of 1482676222?
2
What is the thousands digit of 123653013?
3
What is the hundred millions digit of 238690008?
2
What is the units digit of 37438827?
7
What is the units digit of 71738972?
2
What is the thousands digit of 30612512?
2
What is the ten thousands digit of 149048462?
4
What is the units digit of 64253528?
8
What is the ten millions digit of 144901522?
4
What is the ten millions digit of 19607544?
1
What is the millions digit of 51588390?
1
What is the hundreds digit of 1430919613?
6
What is the hundred thousands digit of 34778680?
7
What is the thousands digit of 30488113?
8
What is the units digit of 790404345?
5
What is the hundred thousands digit of 31827388?
8
What is the hundred millions digit of 4256187890?
2
What is the hundreds digit of 3675006?
0
What is the tens digit of 6022071056?
5
What is the hundreds digit of 900621663?
6
What is the hundred millions digit of 677292381?
6
What is the ten millions digit of 12498134?
1
What is the hundred thousands digit of 618878890?
8
What is the millions digit of 18011127?
8
What is the hundreds digit of 676964629?
6
What is the thousands digit of 810183250?
3
What is the hundred thousands digit of 144842541?
8
What is the tens digit of 86157523?
2
What is the tens digit of 2133743058?
5
What is the millions digit of 569748856?
9
What is the ten thousands digit of 1580128601?
2
What is the tens digit of 369687759?
5
What is the hundred millions digit of 2402690060?
4
What is the hundreds digit of 460908190?
1
What is the hundreds digit of 352589256?
2
What is the units digit of 787069063?
3
What is the hundreds digit of 4229801676?
6
What is the hundred thousands digit of 15669525?
6
What is the hundreds digit of 132862241?
2
What is the hundred millions digit of 3699104860?
6
What is the ten thousands digit of 151890346?
9
What is the hundred millions digit of 4307690183?
3
What is the ten millions digit of 100263426?
0
What is the tens digit of 78943635?
3
What is the millions digit of 856818929?
6
What is the tens digit of 42570442?
4
What is the thousands digit of 4156679303?
9
What is the ten thousands digit of 4188316?
8
What is the hundred thousands digit of 195168100?
1
What is the millions digit of 650725779?
0
What is the thousands digit of 7040545068?
5
What is the ten millions digit of 3234386760?
3
What is the ten thousands digit of 397754635?
5
What is the units digit of 38350363?
3
What is th